{"id":1388,"date":"2021-12-13T09:45:09","date_gmt":"2021-12-13T09:45:09","guid":{"rendered":"https:\/\/indusvit.com\/fabrica-vidrios-templados-colombia\/?page_id=1388"},"modified":"2025-05-07T01:08:59","modified_gmt":"2025-05-07T01:08:59","slug":"productos-indusvit","status":"publish","type":"page","link":"https:\/\/indusvit.com\/fabrica-vidrios-templados-colombia\/productos-indusvit\/","title":{"rendered":"Productos"},"content":{"rendered":"<p>[vc_row layout=\u00bbcontainer\u00bb equal_height=\u00bbyes\u00bb el_class=\u00bbmg-bottom-90 sm-mg-bottom-60&#8243;][vc_column width=\u00bb1\/2&#8243; el_class=\u00bbcol-lg-6 col-md-12&#8243;][g5plus_heading title=\u00bbACERCA DE NOSOTROS\u00bb align=\u00bbtext-left\u00bb css=\u00bb.vc_custom_1639381278035{padding-top: 10px !important;}\u00bb][vc_column_text el_class=\u00bbmg-bottom-30 sm-mg-bottom-30&#8243;]<\/p>\n<h3><\/h3>\n<h3>INFRAESTRUCTURA<\/h3>\n<p>Creada desde 1985, Indusvit Ltda cuenta con una s\u00f3lida infraestructura que le permite brindar sus servicios del modo m\u00e1s adecuado y \u00e1gil, cubriendo as\u00ed las necesidades que demanda cada cliente, adem\u00e1s de ser sin\u00f3nimo de desarrollo social y humano de nuestra compa\u00f1\u00eda.<\/p>\n<p>&nbsp;<\/p>\n<h3>POL\u00cdTICA AMBIENTAL<\/h3>\n<p>Indusvit Ltda se preocupa por controlar el uso de los recursos naturales y la calidad del ambiente, garantizar la sostenibilidad ambiental y la calidad de vida, acogidos bajo la ley, para la protecci\u00f3n del medio ambiente y el mejoramiento de sus condiciones.[\/vc_column_text][\/vc_column][vc_column width=\u00bb1\/2&#8243; el_class=\u00bbcol-lg-6 col-md-12&#8243;][vc_single_image image=\u00bb1334&#8243; img_size=\u00bbfull\u00bb alignment=\u00bbcenter\u00bb][\/vc_column][\/vc_row][vc_row full_height=\u00bbyes\u00bb overlay_mode=\u00bbcolor\u00bb overlay_color=\u00bbrgba(0,38,81,0.8)\u00bb css=\u00bb.vc_custom_1639382738512{margin-top: 60px !important;margin-bottom: 60px !important;padding-right: 40px !important;padding-left: 40px !important;background-image: url(https:\/\/indusvit.com\/fabrica-vidrios-templados-colombia\/wp-content\/uploads\/2021\/12\/fabrica-vidrios-templados-colombia-5.jpg?id=1240) !important;}\u00bb][vc_column width=\u00bb1\/4&#8243;][g5plus_counter title=\u00bbPLANTAS DE PRODUCCI\u00d3N EN COLOMBIA\u00bb end=\u00bb4&#8243;][\/vc_column][vc_column width=\u00bb1\/4&#8243;][g5plus_counter title=\u00bbA\u00d1OS EN EL MERCADO\u00bb end=\u00bb33&#8243;][\/vc_column][vc_column width=\u00bb1\/4&#8243;][g5plus_counter title=\u00bbCLIENTES SATISFECHOS\u00bb end=\u00bb978&#8243;][\/vc_column][vc_column width=\u00bb1\/4&#8243;][g5plus_counter title=\u00bbPROYECTOS\u00bb end=\u00bb1000000&#8243; duration=\u00bb6,5&#8243; separator=\u00bb.\u00bb][\/vc_column][\/vc_row][vc_row layout=\u00bbcontainer\u00bb css=\u00bb.vc_custom_1639383029293{margin-top: 60px !important;margin-bottom: 60px !important;}\u00bb][vc_column width=\u00bb1\/2&#8243;][vc_gallery type=\u00bbimage_grid\u00bb images=\u00bb1339,1340,1341,1342&#8243;][\/vc_column][vc_column width=\u00bb1\/2&#8243;][vc_column_text el_class=\u00bbmg-bottom-30 sm-mg-bottom-30&#8243;]<\/p>\n<h3><strong>MISI\u00d3N<\/strong><\/h3>\n<p>Indusvit Ltda es una empresa manufacturera, comprometida con ofrecer soluciones en vidrio de seguridad templado y laminado, para los sectores de la construcci\u00f3n, dise\u00f1o y acabados arquitect\u00f3nicos.\u00a0 Brindando innovaci\u00f3n, excelente servicio y tiempos de entrega, siempre a la vanguardia de desarrollo de nuevos productos con avances tecnol\u00f3gicos que aseguran el crecimiento de la empresa, colaboradores y clientes.<\/p>\n<h3><strong>VISI\u00d3N<\/strong><\/h3>\n<p>Para el 2020 seremos la empresa m\u00e1s reconocida en el mercado del vidrio de seguridad por su prop\u00f3sito integral de brindar seguridad, calidad y servicio a sus clientes y colaboradores. Como vendedor l\u00edder en l\u00ednea de <a href=\"https:\/\/www.timepiecereplica.is\/\">replica watches report<\/a> En EE. UU., ofrecemos relojes de primera calidad que representan el lujo sin un precio elevado.[\/vc_column_text][\/vc_column][\/vc_row][vc_row layout=\u00bbcontainer\u00bb][vc_column][g5plus_our_team_ctn columns=\u00bb4&#8243; autoplaytimeout=\u00bb5000&#8243;][g5plus_our_team_item avatar=\u00bb1374&#8243; author_info=\u00bbnora.gil@indusvit.com\u00bb social_icons=\u00bb%5B%7B%22icon_type%22%3A%22image%22%2C%22icon_font%22%3A%22flaticon-34%22%2C%22icon_image%22%3A%22114%22%7D%2C%7B%22icon_type%22%3A%22icon%22%2C%22icon_font%22%3A%22flaticon-34%22%2C%22social_link%22%3A%22url%3Ahttp%253A%252F%252Fthemes.g5plus.net%7C%7Ctarget%3A%2520_blank%22%7D%2C%7B%22icon_type%22%3A%22icon%22%2C%22icon_font%22%3A%22flaticon-34%22%2C%22social_link%22%3A%22url%3Ahttp%253A%252F%252Fthemes.g5plus.net%7C%7Ctarget%3A%2520_blank%22%7D%2C%7B%22icon_type%22%3A%22icon%22%2C%22icon_font%22%3A%22flaticon-34%22%2C%22social_link%22%3A%22url%3Ahttp%253A%252F%252Fthemes.g5plus.net%7C%7Ctarget%3A%2520_blank%22%7D%5D\u00bb author=\u00bbNORA GIL\u00bb author_job=\u00bbContabilidad\u00bb][g5plus_our_team_item avatar=\u00bb1376&#8243; author_info=\u00bbadrianan.c@indusvit.com\u00bb social_icons=\u00bb%5B%7B%22icon_type%22%3A%22image%22%2C%22icon_font%22%3A%22flaticon-34%22%2C%22icon_image%22%3A%22114%22%7D%2C%7B%22icon_type%22%3A%22icon%22%2C%22icon_font%22%3A%22flaticon-34%22%2C%22social_link%22%3A%22url%3Ahttp%253A%252F%252Fthemes.g5plus.net%7C%7Ctarget%3A%2520_blank%22%7D%2C%7B%22icon_type%22%3A%22icon%22%2C%22icon_font%22%3A%22flaticon-34%22%2C%22social_link%22%3A%22url%3Ahttp%253A%252F%252Fthemes.g5plus.net%7C%7Ctarget%3A%2520_blank%22%7D%2C%7B%22icon_type%22%3A%22icon%22%2C%22icon_font%22%3A%22flaticon-34%22%2C%22social_link%22%3A%22url%3Ahttp%253A%252F%252Fthemes.g5plus.net%7C%7Ctarget%3A%2520_blank%22%7D%5D\u00bb author=\u00bbADRIANA CASTRO PULIDO\u00bb author_job=\u00bbAdministraci\u00f3n\u00bb][g5plus_our_team_item avatar=\u00bb1377&#8243; author_info=\u00bbandrea.c@indusvit.com\u00bb social_icons=\u00bb%5B%7B%22icon_type%22%3A%22image%22%2C%22icon_font%22%3A%22flaticon-34%22%2C%22icon_image%22%3A%22114%22%7D%2C%7B%22icon_type%22%3A%22icon%22%2C%22icon_font%22%3A%22flaticon-34%22%2C%22social_link%22%3A%22url%3Ahttp%253A%252F%252Fthemes.g5plus.net%7C%7Ctarget%3A%2520_blank%22%7D%2C%7B%22icon_type%22%3A%22icon%22%2C%22icon_font%22%3A%22flaticon-34%22%2C%22social_link%22%3A%22url%3Ahttp%253A%252F%252Fthemes.g5plus.net%7C%7Ctarget%3A%2520_blank%22%7D%2C%7B%22icon_type%22%3A%22icon%22%2C%22icon_font%22%3A%22flaticon-34%22%2C%22social_link%22%3A%22url%3Ahttp%253A%252F%252Fthemes.g5plus.net%7C%7Ctarget%3A%2520_blank%22%7D%5D\u00bb author=\u00bbANDREA CASTRO PULIDO\u00bb author_job=\u00bbHseq &#8211; Seguridad Y Salud En El Trabajo \/ Medio Ambiente \/ Calidad\u00bb][g5plus_our_team_item avatar=\u00bb1379&#8243; social_icons=\u00bb%5B%7B%22icon_type%22%3A%22image%22%2C%22icon_font%22%3A%22flaticon-34%22%2C%22icon_image%22%3A%22114%22%7D%2C%7B%22icon_type%22%3A%22icon%22%2C%22icon_font%22%3A%22flaticon-34%22%2C%22social_link%22%3A%22url%3Ahttp%253A%252F%252Fthemes.g5plus.net%7C%7Ctarget%3A%2520_blank%22%7D%2C%7B%22icon_type%22%3A%22icon%22%2C%22icon_font%22%3A%22flaticon-34%22%2C%22social_link%22%3A%22url%3Ahttp%253A%252F%252Fthemes.g5plus.net%7C%7Ctarget%3A%2520_blank%22%7D%2C%7B%22icon_type%22%3A%22icon%22%2C%22icon_font%22%3A%22flaticon-34%22%2C%22social_link%22%3A%22url%3Ahttp%253A%252F%252Fthemes.g5plus.net%7C%7Ctarget%3A%2520_blank%22%7D%5D\u00bb author=\u00bbMARCO ANDR\u00c9S CASTRO\u00bb author_job=\u00bbProducci\u00f3n\u00bb][g5plus_our_team_item avatar=\u00bb1381&#8243; author_info=\u00bbproduccion@indusvit.com\u00bb social_icons=\u00bb%5B%7B%22icon_type%22%3A%22image%22%2C%22icon_font%22%3A%22flaticon-34%22%2C%22icon_image%22%3A%22114%22%7D%2C%7B%22icon_type%22%3A%22icon%22%2C%22icon_font%22%3A%22flaticon-34%22%2C%22social_link%22%3A%22url%3Ahttp%253A%252F%252Fthemes.g5plus.net%7C%7Ctarget%3A%2520_blank%22%7D%2C%7B%22icon_type%22%3A%22icon%22%2C%22icon_font%22%3A%22flaticon-34%22%2C%22social_link%22%3A%22url%3Ahttp%253A%252F%252Fthemes.g5plus.net%7C%7Ctarget%3A%2520_blank%22%7D%2C%7B%22icon_type%22%3A%22icon%22%2C%22icon_font%22%3A%22flaticon-34%22%2C%22social_link%22%3A%22url%3Ahttp%253A%252F%252Fthemes.g5plus.net%7C%7Ctarget%3A%2520_blank%22%7D%5D\u00bb author=\u00bbALEXANDER MENDOZA\u00bb author_job=\u00bbControl de producci\u00f3n\u00bb][g5plus_our_team_item avatar=\u00bb1382&#8243; social_icons=\u00bb%5B%7B%22icon_type%22%3A%22image%22%2C%22icon_font%22%3A%22flaticon-34%22%2C%22icon_image%22%3A%22114%22%7D%2C%7B%22icon_type%22%3A%22icon%22%2C%22icon_font%22%3A%22flaticon-34%22%2C%22social_link%22%3A%22url%3Ahttp%253A%252F%252Fthemes.g5plus.net%7C%7Ctarget%3A%2520_blank%22%7D%2C%7B%22icon_type%22%3A%22icon%22%2C%22icon_font%22%3A%22flaticon-34%22%2C%22social_link%22%3A%22url%3Ahttp%253A%252F%252Fthemes.g5plus.net%7C%7Ctarget%3A%2520_blank%22%7D%2C%7B%22icon_type%22%3A%22icon%22%2C%22icon_font%22%3A%22flaticon-34%22%2C%22social_link%22%3A%22url%3Ahttp%253A%252F%252Fthemes.g5plus.net%7C%7Ctarget%3A%2520_blank%22%7D%5D\u00bb author=\u00bbCARLOS CH\u00c1VEZ\u00bb author_job=\u00bbMantenimiento\u00bb][g5plus_our_team_item avatar=\u00bb1384&#8243; social_icons=\u00bb%5B%7B%22icon_type%22%3A%22image%22%2C%22icon_font%22%3A%22flaticon-34%22%2C%22icon_image%22%3A%22114%22%7D%2C%7B%22icon_type%22%3A%22icon%22%2C%22icon_font%22%3A%22flaticon-34%22%2C%22social_link%22%3A%22url%3Ahttp%253A%252F%252Fthemes.g5plus.net%7C%7Ctarget%3A%2520_blank%22%7D%2C%7B%22icon_type%22%3A%22icon%22%2C%22icon_font%22%3A%22flaticon-34%22%2C%22social_link%22%3A%22url%3Ahttp%253A%252F%252Fthemes.g5plus.net%7C%7Ctarget%3A%2520_blank%22%7D%2C%7B%22icon_type%22%3A%22icon%22%2C%22icon_font%22%3A%22flaticon-34%22%2C%22social_link%22%3A%22url%3Ahttp%253A%252F%252Fthemes.g5plus.net%7C%7Ctarget%3A%2520_blank%22%7D%5D\u00bb author=\u00bbLIZ PIEDAD AMAYA\u00bb author_job=\u00bbGesti\u00f3n comercial\u00bb][\/g5plus_our_team_ctn][\/vc_column][\/vc_row][vc_row overlay_mode=\u00bbcolor\u00bb overlay_color=\u00bbrgba(51,66,81,0.85)\u00bb el_class=\u00bbpd-top-90 pd-bottom-90&#8243; css=\u00bb.vc_custom_1639384659942{background-image: url(https:\/\/indusvit.com\/fabrica-vidrios-templados-colombia\/wp-content\/uploads\/2021\/12\/fabrica-vidrios-templados-colombia-4.jpg?id=1241) !important;background-position: center !important;background-repeat: no-repeat !important;background-size: cover !important;}\u00bb][vc_column][vc_row_inner layout=\u00bbcontainer\u00bb][vc_column_inner width=\u00bb1\/12&#8243;][vc_empty_space height=\u00bb1px\u00bb][\/vc_column_inner][vc_column_inner width=\u00bb5\/6&#8243; offset=\u00bbvc_col-lg-10&#8243;][g5plus_heading title=\u00bbValores Indusvit\u00bb color_schema=\u00bblight\u00bb el_class=\u00bbmg-bottom-20&#8243;][vc_column_text]<\/p>\n<h4 style=\"color: #ffffff;\"><strong>INNOVACI\u00d3N:<\/strong> Aportamos ideas para una mejora continua.<br \/>\n<strong>NOBLEZA:<\/strong> Somos fieles a nuestra empresa, buscando su crecimiento y desarrollo.<br \/>\n<strong>DISCIPLINA:<\/strong> Cumplimos con la calidad del producto.<br \/>\n<strong>UNIDAD:<\/strong> Trabajamos unidos por alcanzar las metas propuestas por nuestros l\u00edderes.<br \/>\n<strong>SERVICIO:<\/strong> Siempre atentos a dar lo mejor cuando otro lo necesita.<br \/>\n<strong>VOLUNTAD:<\/strong> Siempre dispuestos a desarrollar las funciones con la mejor disposici\u00f3n.<br \/>\n<strong>INTEGRIDAD:<\/strong> Contamos con un comportamiento \u00e9tico, siendo honestos con la empresa y el producto.<br \/>\n<strong>TOLERANCIA:<\/strong> Respetamos la dignidad del ser humano, sus creencias, escuchamos con atenci\u00f3n y valoramos sus aportes.<\/h4>\n<p>[\/vc_column_text][\/vc_column_inner][vc_column_inner width=\u00bb1\/12&#8243;][vc_empty_space height=\u00bb1px\u00bb][\/vc_column_inner][\/vc_row_inner][\/vc_column][\/vc_row][vc_row css=\u00bb.vc_custom_1463998415821{padding-top: 70px !important;padding-bottom: 70px !important;background-color: #f0f0f0 !important;}\u00bb][vc_column][vc_row_inner layout=\u00bbcontainer\u00bb][vc_column_inner][g5plus_heading title=\u00bbTestimonios\u00bb el_class=\u00bbmg-bottom-50 sm-mg-bottom-30&#8243;][g5plus_testimonials values=\u00bb%5B%7B%22quote%22%3A%22Es%20muy%20gratificante%20trabajar%20con%20una%20empresa%20de%20gran%20respaldo%20como%20lo%20son%20ellos%2C%20ya%20que%20est%C3%A1%20realiza%20trabajos%20de%20calidad%20en%20tiempo%20cortos%2C%20indiscutiblemente%20maneja%20precios%20excelentes%2C%20sus%20productos%20tienen%20altos%20est%C3%A1ndares%20de%20calidad%20permiti%C3%A9ndonos%20brindar%20a%20nuestros%20clientes%20satisfacci%C3%B3n%2C%20la%20puntualidad%20es%20algo%20que%20les%20representa%20y%20la%20calidad%20del%20servicio%20al%20cliente%20.%22%2C%22avatar%22%3A%221842%22%2C%22author%22%3A%22Michael%20Ahumada%22%2C%22author_info%22%3A%22AMV%20Glass%20SAS%22%7D%2C%7B%22quote%22%3A%22Con%20INDUSVIT%20hemos%20encontrado%20la%20calidad%20y%20respaldo%20para%20realizar%20cada%20uno%20de%20nuestros%20proyectos%2C%20nuestra%20imagen%20la%20podemos%20confiar%20en%20su%20trabajo.%5Cn%20%20%20%20%20%20%20%20%20%20%20%20%20%20%20%20%20%20%20%20%20%20%20%20%20%20%20%20%20%20%20%20%22%2C%22avatar%22%3A%221842%22%2C%22author%22%3A%22IDESA%22%7D%2C%7B%22quote%22%3A%22Por%20calidad%20y%20cumplimiento%3B%20en%20mi%20trayectoria%20en%20el%20mercado%20por%20m%C3%A1s%20de%2018%20a%C3%B1os%20siempre%20me%20han%20acompa%C3%B1ado%20y%20respaldado.%5Cn%20%20%20%20%20%20%20%20%20%20%20%20%20%20%20%20%20%20%20%20%20%20%20%20%20%20%20%20%20%20%20%20%22%2C%22avatar%22%3A%221842%22%2C%22author%22%3A%22Jaime%20Villarraga%20%22%7D%2C%7B%22quote%22%3A%22Desde%20hace%20m%C3%A1s%20de%20una%20d%C3%A9cada%20hemos%20venido%20trabajando%20con%20la%20empresa%20Indusvit%20Ltda.%20Durante%20todo%20este%20tiempo%20hemos%20contado%20con%20un%20producto%20de%20primera%20calidad%2C%20un%20servicio%20al%20cliente%20excelente%20y%20los%20mejores%20tiempos%20de%20entrega%20que%20se%20ofrecen%20en%20el%20mercado.%20Sin%20su%20eficiente%20trabajo%2C%20nos%20hubiera%20sido%20muy%20dif%C3%ADcil%20cumplir%20con%20nuestros%20est%C3%A1ndares%20de%20calidad%2C%20por%20eso%20estamos%20muy%20satisfechos%20de%20contar%20con%20ellos%20como%20aliados%20estrat%C3%A9gicos%20en%20nuestra%20operaci%C3%B3n.%5Cn%20%20%20%20%20%20%20%20%20%20%20%20%20%20%20%20%20%20%20%20%20%20%20%20%20%20%20%20%20%20%20%20%22%2C%22avatar%22%3A%221842%22%2C%22author%22%3A%22BioSafe%22%7D%5D\u00bb columns=\u00bb3&#8243; arrows=\u00bb\u00bb tes_bg_color=\u00bb#ffffff\u00bb dots=\u00bbtrue\u00bb style1_columns=\u00bb3&#8243;][\/vc_column_inner][\/vc_row_inner][\/vc_column][\/vc_row][vc_row layout=\u00bbcontainer\u00bb el_class=\u00bbmg-top-60&#8243;][vc_column][g5plus_partner items=\u00bb4&#8243; item_height=\u00bb150&#8243; is_slider=\u00bbyes\u00bb partners=\u00bb%5B%7B%22images%22%3A%221320%22%7D%2C%7B%22images%22%3A%221321%22%7D%2C%7B%22images%22%3A%221322%22%7D%2C%7B%22images%22%3A%221323%22%7D%5D\u00bb][\/vc_column][\/vc_row]<\/p>\n<div class='campos'>","protected":false},"excerpt":{"rendered":"<p>[vc_row layout=\u00bbcontainer\u00bb equal_height=\u00bbyes\u00bb el_class=\u00bbmg-bottom-90 sm-mg-bottom-60&#8243;][vc_column width=\u00bb1\/2&#8243; el_class=\u00bbcol-lg-6 col-md-12&#8243;][g5plus_heading title=\u00bbACERCA DE NOSOTROS\u00bb align=\u00bbtext-left\u00bb css=\u00bb.vc_custom_1639381278035{padding-top: 10px !important;}\u00bb][vc_column_text el_class=\u00bbmg-bottom-30 sm-mg-bottom-30&#8243;] INFRAESTRUCTURA Creada desde 1985, Indusvit Ltda cuenta con una s\u00f3lida infraestructura que le permite brindar sus servicios del modo m\u00e1s adecuado y \u00e1gil, cubriendo as\u00ed las necesidades que demanda cada cliente, adem\u00e1s de ser sin\u00f3nimo de desarrollo social [&hellip;]<\/p>\n","protected":false},"author":1,"featured_media":0,"parent":0,"menu_order":0,"comment_status":"closed","ping_status":"closed","template":"","meta":{"cybocfi_hide_featured_image":"","footnotes":""},"class_list":["post-1388","page","type-page","status-publish","hentry"],"_links":{"self":[{"href":"https:\/\/indusvit.com\/fabrica-vidrios-templados-colombia\/wp-json\/wp\/v2\/pages\/1388","targetHints":{"allow":["GET"]}}],"collection":[{"href":"https:\/\/indusvit.com\/fabrica-vidrios-templados-colombia\/wp-json\/wp\/v2\/pages"}],"about":[{"href":"https:\/\/indusvit.com\/fabrica-vidrios-templados-colombia\/wp-json\/wp\/v2\/types\/page"}],"author":[{"embeddable":true,"href":"https:\/\/indusvit.com\/fabrica-vidrios-templados-colombia\/wp-json\/wp\/v2\/users\/1"}],"replies":[{"embeddable":true,"href":"https:\/\/indusvit.com\/fabrica-vidrios-templados-colombia\/wp-json\/wp\/v2\/comments?post=1388"}],"version-history":[{"count":4,"href":"https:\/\/indusvit.com\/fabrica-vidrios-templados-colombia\/wp-json\/wp\/v2\/pages\/1388\/revisions"}],"predecessor-version":[{"id":2134,"href":"https:\/\/indusvit.com\/fabrica-vidrios-templados-colombia\/wp-json\/wp\/v2\/pages\/1388\/revisions\/2134"}],"wp:attachment":[{"href":"https:\/\/indusvit.com\/fabrica-vidrios-templados-colombia\/wp-json\/wp\/v2\/media?parent=1388"}],"curies":[{"name":"wp","href":"https:\/\/api.w.org\/{rel}","templated":true}]}}