{"id":2221,"date":"2025-10-01T20:19:56","date_gmt":"2025-10-01T20:19:56","guid":{"rendered":"https:\/\/indusvit.com\/fabrica-vidrios-templados-colombia\/?page_id=2221"},"modified":"2025-10-01T20:26:49","modified_gmt":"2025-10-01T20:26:49","slug":"fabrica-vidrio-mutilaminado","status":"publish","type":"page","link":"https:\/\/indusvit.com\/fabrica-vidrios-templados-colombia\/fabrica-vidrio-mutilaminado\/","title":{"rendered":"Vidrio Multilaminado"},"content":{"rendered":"<p>[vc_row content_placement=\u00bbmiddle\u00bb css=\u00bb.vc_custom_1639523650349{margin-top: 60px !important;margin-bottom: 60px !important;}\u00bb][vc_column width=\u00bb2\/3&#8243;][g5plus_heading title=\u00bbVidrio Multilaminado\u00bb align=\u00bbtext-left\u00bb css=\u00bb.vc_custom_1759350069618{padding-top: 10px !important;}\u00bb][vc_column_text el_class=\u00bbmg-bottom-30 sm-mg-bottom-30&#8243;]En este vidrio se combinan desde tres l\u00e1minas de vidrio monol\u00edtico o templado y se unen entre ellas con una o dos capas de PVB (polivinil Butira), su mayor ventaja est\u00e1 en su resistencia y su desempe\u00f1o se mide teniendo en cuenta el peso y la carga al que ser\u00e1 sometido. -entre sus principales aplicaciones est\u00e1n los pisos y escales en combinaci\u00f3n con el vidrio texturizado.<\/p>\n<p>CARACTER\u00cdSTICAS:<br \/>\nElaborado con m\u00e1s de dos l\u00e1minas de vidrio plano, unidos por entre ellos por una capa de poli vinil disminuyendo los rayos UV y aumentando considerablemente su rigidez<\/p>\n<p>APLICACIONES<\/p>\n<p>Escaleras y pisos.<\/p>\n<p>MEDIDAS<br \/>\nM\u00ednimo 500 x 500 mm<br \/>\nM\u00e1ximo 2400 x 3600 mm<\/p>\n<p>PRESENTACIONES<\/p>\n<p>Cualquier modulo que se encuentre dentro de las medidas establecidas, los colores pueden variar.<\/p>\n<p>COLORES B\u00c1SICOS:<br \/>\nIncoloro &#8211; Bronce -Verde &#8211; Gris &#8211; Azules propios del vidrio &#8211; Reflectivos<\/p>\n<p>Su espesor varia de la composici\u00f3n con la que se realice.[\/vc_column_text][\/vc_column][vc_column width=\u00bb1\/3&#8243;][vc_single_image image=\u00bb1703&#8243; img_size=\u00bbfull\u00bb][\/vc_column][\/vc_row][vc_row content_placement=\u00bbmiddle\u00bb css=\u00bb.vc_custom_1639523650349{margin-top: 60px !important;margin-bottom: 60px !important;}\u00bb][vc_column][vc_column_text el_class=\u00bbmg-bottom-30 sm-mg-bottom-30&#8243;]<\/p>\n<table border=\"0\" width=\"100%\">\n<tbody>\n<tr>\n<td colspan=\"2\" bgcolor=\"#082a48\">\n<h4 style=\"color: rgba(255,255,255,1);\">Este producto puedes encontrarlo en nuestra sede:<\/h4>\n<\/td>\n<\/tr>\n<tr>\n<td>\n<h3><strong>Fontib\u00f3n<\/strong><\/h3>\n<p>Carrera 96b N. 17-16<br \/>\nBogot\u00e1 \u2013 Colombia<br \/>\nPBX (+57) 601 466 1455<br \/>\n(+57) 601 466 0071<br \/>\n(+57) 601 466 1748<br \/>\n(+57) 320 240 1215<br \/>\nfontibon@indusvit.com<\/td>\n<td>\n<h3><strong>Cali<\/strong><\/h3>\n<p>Carrera 4 n. 28-05<br \/>\nCali \u2013 Colombia<br \/>\n(+57) 602 4013512<br \/>\n(+57) 310 882 0668<br \/>\nindusvitcali@hotmail.com<\/td>\n<\/tr>\n<\/tbody>\n<\/table>\n<p>[\/vc_column_text][vc_gallery type=\u00bbimage_grid\u00bb images=\u00bb1490,1489,1488,1487,1699&#8243;][\/vc_column][\/vc_row][vc_row full_height=\u00bbyes\u00bb overlay_mode=\u00bbcolor\u00bb css=\u00bb.vc_custom_1759348592677{padding-top: 60px !important;padding-right: 60px !important;padding-bottom: 60px !important;padding-left: 30px !important;background-image: url(https:\/\/indusvit.com\/fabrica-vidrios-templados-colombia\/wp-content\/uploads\/2025\/09\/indusvit-fabrica-de-vidrio-templado-bogota-cali-colombia-2.jpg?id=2187) !important;}\u00bb][vc_column width=\u00bb5\/6&#8243;][g5plus_heading title=\u00bbAYUDAMOS A HACER REALIDAD SUS PROYECTOS\u00bb sub_title=\u00bbEscribanos para recibir asesor\u00eda\u00bb][vc_wp_text]<\/p>\n<h3 style=\"text-align: center;\"><a href=\"https:\/\/web.whatsapp.com\/send?phone=573108820672&amp;text=Hola!%20%0D%0AQuiero%20conocer%20m%C3%A1s%20a%20cerca%20de%20Indusvit%0D%0Aestoy%20visitando%20la%20web%20en%20https%3A%2F%2Findusvit.com%2Ffabrica-vidrios-templados-colombia%2F%0D%0Ami%20nombre%20es\"><strong><img loading=\"lazy\" decoding=\"async\" class=\"wp-image-2191 alignnone\" src=\"https:\/\/indusvit.com\/fabrica-vidrios-templados-colombia\/wp-content\/uploads\/2025\/09\/WhatsApp_icon-300x300.png\" alt=\"\" width=\"37\" height=\"37\" srcset=\"https:\/\/indusvit.com\/fabrica-vidrios-templados-colombia\/wp-content\/uploads\/2025\/09\/WhatsApp_icon-300x300.png 300w, https:\/\/indusvit.com\/fabrica-vidrios-templados-colombia\/wp-content\/uploads\/2025\/09\/WhatsApp_icon-150x150.png 150w, https:\/\/indusvit.com\/fabrica-vidrios-templados-colombia\/wp-content\/uploads\/2025\/09\/WhatsApp_icon.png 662w\" sizes=\"auto, (max-width: 37px) 100vw, 37px\" \/>310 882 0672<\/strong><\/a><\/h3>\n<p>[\/vc_wp_text][\/vc_column][vc_column width=\u00bb1\/6&#8243;][\/vc_column][\/vc_row]<\/p>\n<div class='campos'>","protected":false},"excerpt":{"rendered":"<p>[vc_row content_placement=\u00bbmiddle\u00bb css=\u00bb.vc_custom_1639523650349{margin-top: 60px !important;margin-bottom: 60px !important;}\u00bb][vc_column width=\u00bb2\/3&#8243;][g5plus_heading title=\u00bbVidrio Multilaminado\u00bb align=\u00bbtext-left\u00bb css=\u00bb.vc_custom_1759350069618{padding-top: 10px !important;}\u00bb][vc_column_text el_class=\u00bbmg-bottom-30 sm-mg-bottom-30&#8243;]En este vidrio se combinan desde tres l\u00e1minas de vidrio monol\u00edtico o templado y se unen entre ellas con una o dos capas de PVB (polivinil Butira), su mayor ventaja est\u00e1 en su resistencia y su desempe\u00f1o se mide teniendo [&hellip;]<\/p>\n","protected":false},"author":1,"featured_media":0,"parent":0,"menu_order":0,"comment_status":"closed","ping_status":"closed","template":"","meta":{"cybocfi_hide_featured_image":"","footnotes":""},"class_list":["post-2221","page","type-page","status-publish","hentry"],"_links":{"self":[{"href":"https:\/\/indusvit.com\/fabrica-vidrios-templados-colombia\/wp-json\/wp\/v2\/pages\/2221","targetHints":{"allow":["GET"]}}],"collection":[{"href":"https:\/\/indusvit.com\/fabrica-vidrios-templados-colombia\/wp-json\/wp\/v2\/pages"}],"about":[{"href":"https:\/\/indusvit.com\/fabrica-vidrios-templados-colombia\/wp-json\/wp\/v2\/types\/page"}],"author":[{"embeddable":true,"href":"https:\/\/indusvit.com\/fabrica-vidrios-templados-colombia\/wp-json\/wp\/v2\/users\/1"}],"replies":[{"embeddable":true,"href":"https:\/\/indusvit.com\/fabrica-vidrios-templados-colombia\/wp-json\/wp\/v2\/comments?post=2221"}],"version-history":[{"count":4,"href":"https:\/\/indusvit.com\/fabrica-vidrios-templados-colombia\/wp-json\/wp\/v2\/pages\/2221\/revisions"}],"predecessor-version":[{"id":2225,"href":"https:\/\/indusvit.com\/fabrica-vidrios-templados-colombia\/wp-json\/wp\/v2\/pages\/2221\/revisions\/2225"}],"wp:attachment":[{"href":"https:\/\/indusvit.com\/fabrica-vidrios-templados-colombia\/wp-json\/wp\/v2\/media?parent=2221"}],"curies":[{"name":"wp","href":"https:\/\/api.w.org\/{rel}","templated":true}]}}